re the prime factors of 1350?
2, 3, 5
List the prime factors of 7409.
31, 239
What are the prime factors of 46146?
2, 3, 7691
List the prime factors of 928.
2, 29
What are the prime factors of 8009?
8009
List the prime factors of 1981.
7, 283
List the prime factors of 1198.
2, 599
List the prime factors of 614.
2, 307
What are the prime factors of 948?
2, 3, 79
What are the prime factors of 245?
5, 7
List the prime factors of 122128.
2, 17, 449
What are the prime factors of 857?
857
What are the prime factors of 13116?
2, 3, 1093
List the prime factors of 3803.
3803
List the prime factors of 9172.
2, 2293
What are the prime factors of 2712?
2, 3, 113
List the prime factors of 2125.
5, 17
What are the prime factors of 2609?
2609
List the prime factors of 42394.
2, 11, 41, 47
What are the prime factors of 13788?
2, 3, 383
List the prime factors of 183.
3, 61
List the prime factors of 1564.
2, 17, 23
What are the prime factors of 55233?
3, 17, 19
What are the prime factors of 1813?
7, 37
What are the prime factors of 4055?
5, 811
List the prime factors of 444.
2, 3, 37
What are the prime factors of 29241?
3, 19
List the prime factors of 14950.
2, 5, 13, 23
What are the prime factors of 3546?
2, 3, 197
What are the prime factors of 53547?
3, 13, 1373
What are the prime factors of 432?
2, 3
What are the prime factors of 28481?
19, 1499
List the prime factors of 1868.
2, 467
List the prime factors of 17534.
2, 11, 797
List the prime factors of 49168.
2, 7, 439
List the prime factors of 7259.
7, 17, 61
What are the prime factors of 16502?
2, 37, 223
What are the prime factors of 3040?
2, 5, 19
What are the prime factors of 12450?
2, 3, 5, 83
What are the prime factors of 1740?
2, 3, 5, 29
What are the prime factors of 1445?
5, 17
List the prime factors of 883.
883
List the prime factors of 42103.
71, 593
List the prime factors of 68319.
3, 7591
What are the prime factors of 26436?
2, 3, 2203
What are the prime factors of 448?
2, 7
What are the prime factors of 2802?
2, 3, 467
List the prime factors of 27116.
2, 6779
List the prime factors of 151407.
3, 16823
List the prime factors of 3094.
2, 7, 13, 17
What are the prime factors of 3589?
37, 97
List the prime factors of 43352.
2, 5419
What are the prime factors of 15429?
3, 37, 139
List the prime factors of 117630.
2, 3, 5, 1307
What are the prime factors of 3488?
2, 109
What are the prime factors of 492?
2, 3, 41
What are the prime factors of 1119?
3, 373
What are the prime factors of 78662?
2, 37, 1063
List the prime factors of 30354.
2, 3, 5059
What are the prime factors of 3438?
2, 3, 191
What are the prime factors of 38304?
2, 3, 7, 19
What are the prime factors of 80759?
7, 83, 139
List the prime factors of 1114.
2, 557
List the prime factors of 37075.
5, 1483
List the prime factors of 758.
2, 379
List the prime factors of 1147.
31, 37
What are the prime factors of 1885?
5, 13, 29
What are the prime factors of 6931?
29, 239
List the prime factors of 652.
2, 163
List the prime factors of 5308.
2, 1327
List the prime factors of 867.
3, 17
What are the prime factors of 2559?
3, 853
What are the prime factors of 1650?
2, 3, 5, 11
List the prime factors of 1055.
5, 211
What are the prime factors of 1615?
5, 17, 19
What are the prime factors of 1091?
1091
List the prime factors of 5264.
2, 7, 47
List the prime factors of 5398.
2, 2699
What are the prime factors of 22262?
2, 11131
What are the prime factors of 1704?
2, 3, 71
What are the prime factors of 8271?
3, 919
List the prime factors of 1803.
3, 601
What are the prime factors of 3639?
3, 1213
List the prime factors of 12390.
2, 3, 5, 7, 59
What are the prime factors of 250?
2, 5
List the prime factors of 880.
2, 5, 11
List the prime factors of 183161.
11, 16651
What are the prime factors of 27660?
2, 3, 5, 461
List the prime factors of 7795.
5, 1559
What are the prime factors of 6755?
5, 7, 193
What are the prime factors of 60796?
2, 15199
What are the prime factors of 5741?
5741
What are the prime factors of 18378?
2, 3, 1021
List the prime factors of 1878.
2, 3, 313
What are the prime factors of 90649?
13, 19, 367
List the prime factors of 1124.
2, 281
List the prime factors of 2351.
2351
What are the prime factors of 36055?
5, 7211
List the prime factors of 3906.
2, 3, 7, 31
List the prime factors of 14811.
3, 4937
What are the prime factors of 22851?
3, 2539
What are the prime factors of 582?
2, 3, 97
List the prime factors of 27436.
2, 19
What are the prime factors of 8450?
2, 5, 13
List the prime factors of 784.
2, 7
What are the prime factors of 3593?
3593
What are the prime factors of 1374?
2, 3, 229
What are the prime factors of 3830?
2, 5, 383
List the prime factors of 14442.
2, 3, 29, 83
List the prime factors of 28053.
3, 1039
List the prime factors of 771.
3, 257
List the prime factors of 983.
983
List the prime factors of 9932.
2, 13, 191
What are the prime factors of 4674?
2, 3, 19, 41
What are the prime factors of 1079?
13, 83
List the prime factors of 15620.
2, 5, 11, 71
What are the prime factors of 638?
2, 11, 29
What are the prime factors of 51295?
5, 10259
List the prime factors of 876.
2, 3, 73
List the prime factors of 2849.
7, 11, 37
What are the prime factors of 3696?
2, 3, 7, 11
List the prime factors of 40907.
19, 2153
What are the prime factors of 11160?
2, 3, 5, 31
List the prime factors of 5964.
2, 3, 7, 71
What are the prime factors of 39794?
2, 101, 197
What are the prime factors of 2017?
2017
List the prime factors of 654.
2, 3, 109
What are the prime factors of 7747?
61, 127
What are the prime factors of 34?
2, 17
List the prime factors of 366.
2, 3, 61
What are the prime factors of 51659?
51659
List the prime factors of 1306.
2, 653
What are the prime factors of 24970?
2, 5, 11, 227
List the prime factors of 3351.
3, 1117
What are the prime factors of 2648?
2, 331
What are the prime factors of 5128?
2, 641
What are the prime factors of 12146?
2, 6073
List the prime factors of 30825.
3, 5, 137
List the prime factors of 11999.
13, 71
What are the prime factors of 14697?
3, 23, 71
List the prime factors of 29228.
2, 7307
What are the prime factors of 968?
2, 11
What are the prime factors of 1393?
7, 199
List the prime factors of 74860.
2, 5, 19, 197
List the prime factors of 2789.
2789
List the prime factors of 587.
587
List the prime factors of 1174.
2, 587
What are the prime factors of 2399?
2399
List the prime factors of 769.
769
What are the prime factors of 5806?
2, 2903
What are the prime factors of 65?
5, 13
What are the prime factors of 780?
2, 3, 5, 13
What are the prime factors of 29789?
29789
What are the prime factors of 41627?
41627
List the prime factors of 1430.
2, 5, 11, 13
What are the prime factors of 85?
5, 17
What are the prime factors of 11928?
2, 3, 7, 71
What are the prime factors of 45472?
2, 7, 29
What are the prime factors of 9835?
5, 7, 281
List the prime factors of 1098.
2, 3, 61
What are the prime factors of 294?
2, 3, 7
What are the prime factors of 79241?
79241
What are the prime factors of 53?
53
What are the prime factors of 2571?
3, 857
What are the prime factors of 3280?
2, 5, 41
List the prime factors of 195764.
2, 109, 449
List the prime factors of 18243.
3, 2027
List the prime factors of 75748.
2, 29, 653
What are the prime factors of 5089?
7, 727
What are the prime factors of 53044?
2, 89, 149
What are the prime factors of 1154?
2, 577
List the prime factors of 282.
2, 3, 47
List the prime factors of 6613.
17, 389
What are the prime factors of 5229?
3, 7, 83
What are the prime factors of 7921?
89
List the prime factors of 937.
937
List the prime factors of 30162.
2, 3, 11, 457
What are the prime factors of 31631?
47, 673
List the prime factors of 2322.
2, 3, 43
List the prime factors of 29874.
2, 3, 13, 383
What are the prime factors of 10252?
2, 11, 233
What are the prime factors of 63127?
63127
List the prime factors of 160722.
2, 3, 8929
What are the prime factors of 5139?
3, 571
List the prime factors of 873.
3, 97
What are the prime factors of 99860?
2, 5, 4993
List the prime factors of 808.
2, 101
List the prime factors of 5404.
2, 7, 193
List the prime factors of 919.
919
What are the prime factors of 7145?
5, 1429
List the prime factors of 7497.
3, 7, 17
List the